[INFO] cloning repository https://github.com/Kingsquee/irk
[INFO] running `Command { std: "git" "-c" "credential.helper=" "-c" "credential.helper=/workspace/cargo-home/bin/git-credential-null" "clone" "--bare" "https://github.com/Kingsquee/irk" "/workspace/cache/git-repos/https%3A%2F%2Fgithub.com%2FKingsquee%2Firk", kill_on_drop: false }`
[INFO] [stderr] Cloning into bare repository '/workspace/cache/git-repos/https%3A%2F%2Fgithub.com%2FKingsquee%2Firk'...
[INFO] running `Command { std: "git" "rev-parse" "HEAD", kill_on_drop: false }`
[INFO] [stdout] 672d073e5837462881990234e123ca73a3e00642
[INFO] checking Kingsquee/irk against try#72f88fc4e9458f89516a0b8b0868f3718aec5b47 for pr-74989
[INFO] running `Command { std: "git" "clone" "/workspace/cache/git-repos/https%3A%2F%2Fgithub.com%2FKingsquee%2Firk" "/workspace/builds/worker-7/source", kill_on_drop: false }`
[INFO] [stderr] Cloning into '/workspace/builds/worker-7/source'...
[INFO] [stderr] done.
[INFO] validating manifest of git repo https://github.com/Kingsquee/irk on toolchain 72f88fc4e9458f89516a0b8b0868f3718aec5b47
[INFO] running `Command { std: "/workspace/cargo-home/bin/cargo" "+72f88fc4e9458f89516a0b8b0868f3718aec5b47" "read-manifest" "--manifest-path" "Cargo.toml", kill_on_drop: false }`
[INFO] started tweaking git repo https://github.com/Kingsquee/irk
[INFO] finished tweaking git repo https://github.com/Kingsquee/irk
[INFO] tweaked toml for git repo https://github.com/Kingsquee/irk written to /workspace/builds/worker-7/source/Cargo.toml
[INFO] crate git repo https://github.com/Kingsquee/irk already has a lockfile, it will not be regenerated
[INFO] running `Command { std: "/workspace/cargo-home/bin/cargo" "+72f88fc4e9458f89516a0b8b0868f3718aec5b47" "fetch" "--locked" "--manifest-path" "Cargo.toml", kill_on_drop: false }`
[INFO] [stderr] error: the lock file /workspace/builds/worker-7/source/Cargo.lock needs to be updated but --locked was passed to prevent this
[INFO] [stderr] If you want to try to generate the lock file without accessing the network, use the --offline flag.
[INFO] the lockfile is outdated, regenerating it
[INFO] running `Command { std: "/workspace/cargo-home/bin/cargo" "+72f88fc4e9458f89516a0b8b0868f3718aec5b47" "generate-lockfile" "--manifest-path" "Cargo.toml" "-Zno-index-update", kill_on_drop: false }`
[INFO] running `Command { std: "/workspace/cargo-home/bin/cargo" "+72f88fc4e9458f89516a0b8b0868f3718aec5b47" "fetch" "--locked" "--manifest-path" "Cargo.toml", kill_on_drop: false }`
[INFO] [stderr]     Blocking waiting for file lock on package cache
[INFO] [stderr]  Downloading crates ...
[INFO] [stderr]   Downloaded irc v0.14.1
[INFO] [stderr]   Downloaded irc-proto v0.14.0
[INFO] running `Command { std: "docker" "create" "-v" "/var/lib/crater-agent-workspace/builds/worker-7/target:/opt/rustwide/target:rw,Z" "-v" "/var/lib/crater-agent-workspace/builds/worker-7/source:/opt/rustwide/workdir:ro,Z" "-v" "/var/lib/crater-agent-workspace/cargo-home:/opt/rustwide/cargo-home:ro,Z" "-v" "/var/lib/crater-agent-workspace/rustup-home:/opt/rustwide/rustup-home:ro,Z" "-e" "SOURCE_DIR=/opt/rustwide/workdir" "-e" "CARGO_TARGET_DIR=/opt/rustwide/target" "-e" "CARGO_HOME=/opt/rustwide/cargo-home" "-e" "RUSTUP_HOME=/opt/rustwide/rustup-home" "-w" "/opt/rustwide/workdir" "-m" "1610612736" "--user" "0:0" "--network" "none" "rustops/crates-build-env@sha256:d92eaeed33fa75130ca1ee6c8a01d1ffb62bac859dfdfb3450e3e5d1c0146529" "/opt/rustwide/cargo-home/bin/cargo" "+72f88fc4e9458f89516a0b8b0868f3718aec5b47" "metadata" "--no-deps" "--format-version=1", kill_on_drop: false }`
[INFO] [stderr] WARNING: Your kernel does not support swap limit capabilities or the cgroup is not mounted. Memory limited without swap.
[INFO] [stdout] c6c9b46e8cefde535ceeee6aae9c4d48787e54d5882fdba3b8e235e4a5004109
[INFO] running `Command { std: "docker" "start" "-a" "c6c9b46e8cefde535ceeee6aae9c4d48787e54d5882fdba3b8e235e4a5004109", kill_on_drop: false }`
[INFO] running `Command { std: "docker" "inspect" "c6c9b46e8cefde535ceeee6aae9c4d48787e54d5882fdba3b8e235e4a5004109", kill_on_drop: false }`
[INFO] running `Command { std: "docker" "rm" "-f" "c6c9b46e8cefde535ceeee6aae9c4d48787e54d5882fdba3b8e235e4a5004109", kill_on_drop: false }`
[INFO] [stdout] c6c9b46e8cefde535ceeee6aae9c4d48787e54d5882fdba3b8e235e4a5004109
[INFO] running `Command { std: "docker" "create" "-v" "/var/lib/crater-agent-workspace/builds/worker-7/target:/opt/rustwide/target:rw,Z" "-v" "/var/lib/crater-agent-workspace/builds/worker-7/source:/opt/rustwide/workdir:ro,Z" "-v" "/var/lib/crater-agent-workspace/cargo-home:/opt/rustwide/cargo-home:ro,Z" "-v" "/var/lib/crater-agent-workspace/rustup-home:/opt/rustwide/rustup-home:ro,Z" "-e" "SOURCE_DIR=/opt/rustwide/workdir" "-e" "CARGO_TARGET_DIR=/opt/rustwide/target" "-e" "CARGO_INCREMENTAL=0" "-e" "RUST_BACKTRACE=full" "-e" "RUSTFLAGS=--cap-lints=forbid" "-e" "CARGO_HOME=/opt/rustwide/cargo-home" "-e" "RUSTUP_HOME=/opt/rustwide/rustup-home" "-w" "/opt/rustwide/workdir" "-m" "1610612736" "--user" "0:0" "--network" "none" "rustops/crates-build-env@sha256:d92eaeed33fa75130ca1ee6c8a01d1ffb62bac859dfdfb3450e3e5d1c0146529" "/opt/rustwide/cargo-home/bin/cargo" "+72f88fc4e9458f89516a0b8b0868f3718aec5b47" "check" "--frozen" "--all" "--all-targets" "--message-format=json", kill_on_drop: false }`
[INFO] [stdout] 94cca5809456405e8ef84f0747970d735f4fd6b5399ce0e6f404ca141815e47c
[INFO] [stderr] WARNING: Your kernel does not support swap limit capabilities or the cgroup is not mounted. Memory limited without swap.
[INFO] running `Command { std: "docker" "start" "-a" "94cca5809456405e8ef84f0747970d735f4fd6b5399ce0e6f404ca141815e47c", kill_on_drop: false }`
[INFO] [stderr]     Checking encoding_index_tests v0.1.4
[INFO] [stderr]     Checking foreign-types-shared v0.1.1
[INFO] [stderr]     Checking openssl-probe v0.1.2
[INFO] [stderr]     Checking bufstream v0.1.4
[INFO] [stderr]    Compiling openssl-sys v0.9.58
[INFO] [stderr]     Checking log v0.4.11
[INFO] [stderr]    Compiling syn v1.0.40
[INFO] [stderr]     Checking foreign-types v0.3.2
[INFO] [stderr]     Checking encoding-index-tradchinese v1.20141219.5
[INFO] [stderr]     Checking encoding-index-korean v1.20141219.5
[INFO] [stderr]     Checking encoding-index-japanese v1.20141219.5
[INFO] [stderr]     Checking encoding-index-simpchinese v1.20141219.5
[INFO] [stderr]     Checking encoding-index-singlebyte v1.20141219.5
[INFO] [stderr]     Checking mio v0.6.22
[INFO] [stderr]     Checking encoding v0.2.33
[INFO] [stderr]    Compiling openssl v0.10.30
[INFO] [stderr]    Compiling native-tls v0.2.4
[INFO] [stderr]     Checking mio-uds v0.6.8
[INFO] [stderr]    Compiling tokio-macros v0.2.5
[INFO] [stderr]    Compiling pin-project-internal v0.4.23
[INFO] [stderr]    Compiling serde_derive v1.0.116
[INFO] [stderr]    Compiling thiserror-impl v1.0.20
[INFO] [stderr]    Compiling futures-macro v0.3.5
[INFO] [stderr]     Checking tokio v0.2.22
[INFO] [stderr]     Checking thiserror v1.0.20
[INFO] [stderr]     Checking pin-project v0.4.23
[INFO] [stderr]     Checking futures-util v0.3.5
[INFO] [stderr]     Checking tokio-util v0.3.1
[INFO] [stderr]     Checking tokio-tls v0.3.1
[INFO] [stderr]     Checking irc-proto v0.14.0
[INFO] [stderr]     Checking serde v1.0.116
[INFO] [stderr]     Checking toml v0.5.6
[INFO] [stderr]     Checking irc v0.14.1
[INFO] [stderr]     Checking irk v0.1.0 (/opt/rustwide/workdir)
[INFO] [stdout] error[E0433]: failed to resolve: use of undeclared type or module `IrcServer`
[INFO] [stdout]    --> src/main.rs:104:18
[INFO] [stdout]     |
[INFO] [stdout] 104 |     let server = IrcServer::from_config(config).unwrap();
[INFO] [stdout]     |                  ^^^^^^^^^ use of undeclared type or module `IrcServer`
[INFO] [stdout] 
[INFO] [stdout] 
[INFO] [stdout] warning: unused label
[INFO] [stdout]    --> src/main.rs:182:5
[INFO] [stdout]     |
[INFO] [stdout] 182 |     'user_root_iter: for user in users.iter() {
[INFO] [stdout]     |     ^^^^^^^^^^^^^^^
[INFO] [stdout]     |
[INFO] [stdout]     = note: `#[warn(unused_labels)]` on by default
[INFO] [stdout] 
[INFO] [stdout] 
[INFO] [stdout] error[E0433]: failed to resolve: use of undeclared type or module `IrcServer`
[INFO] [stdout]    --> src/main.rs:104:18
[INFO] [stdout]     |
[INFO] [stdout] 104 |     let server = IrcServer::from_config(config).unwrap();
[INFO] [stdout]     |                  ^^^^^^^^^ use of undeclared type or module `IrcServer`
[INFO] [stdout] 
[INFO] [stdout] 
[INFO] [stdout] warning: unused label
[INFO] [stdout]    --> src/main.rs:182:5
[INFO] [stdout]     |
[INFO] [stdout] 182 |     'user_root_iter: for user in users.iter() {
[INFO] [stdout]     |     ^^^^^^^^^^^^^^^
[INFO] [stdout]     |
[INFO] [stdout]     = note: `#[warn(unused_labels)]` on by default
[INFO] [stdout] 
[INFO] [stdout] 
[INFO] [stdout] error[E0308]: mismatched types
[INFO] [stdout]   --> src/main.rs:98:19
[INFO] [stdout]    |
[INFO] [stdout] 98 |         channels: Some(vec![channel_name.clone()]),
[INFO] [stdout]    |                   ^^^^^^^^^^^^^^^^^^^^^^^^^^^^^^^^ expected struct `Vec`, found enum `Option`
[INFO] [stdout]    |
[INFO] [stdout]    = note: expected struct `Vec<_>`
[INFO] [stdout]                 found enum `Option<Vec<_>>`
[INFO] [stdout] 
[INFO] [stdout] 
[INFO] [stdout] error[E0560]: struct `irc::client::data::Config` has no field named `use_ssl`
[INFO] [stdout]    --> src/main.rs:100:9
[INFO] [stdout]     |
[INFO] [stdout] 100 |         use_ssl: Some(true),
[INFO] [stdout]     |         ^^^^^^^ `irc::client::data::Config` does not have this field
[INFO] [stdout]     |
[INFO] [stdout]     = note: available fields are: `owners`, `nickname`, `nick_password`, `alt_nicks`, `username` ... and 25 others
[INFO] [stdout] 
[INFO] [stdout] 
[INFO] [stdout] warning: use of deprecated associated function `core::str::<impl str>::trim_right_matches`: superseded by `trim_end_matches`
[INFO] [stdout]    --> src/main.rs:162:24
[INFO] [stdout]     |
[INFO] [stdout] 162 |         *token = token.trim_right_matches("\'s");
[INFO] [stdout]     |                        ^^^^^^^^^^^^^^^^^^ help: replace the use of the deprecated associated function: `trim_end_matches`
[INFO] [stdout]     |
[INFO] [stdout]     = note: `#[warn(deprecated)]` on by default
[INFO] [stdout] 
[INFO] [stdout] 
[INFO] [stdout] error[E0599]: no method named `get_name` found for reference `&User` in the current scope
[INFO] [stdout]    --> src/main.rs:171:29
[INFO] [stdout]     |
[INFO] [stdout] 171 |             if name == user.get_name() {
[INFO] [stdout]     |                             ^^^^^^^^ method not found in `&User`
[INFO] [stdout] 
[INFO] [stdout] 
[INFO] [stdout] error[E0599]: no method named `get_name` found for reference `&User` in the current scope
[INFO] [stdout]    --> src/main.rs:183:29
[INFO] [stdout]     |
[INFO] [stdout] 183 |         let username = user.get_name();
[INFO] [stdout]     |                             ^^^^^^^^ method not found in `&User`
[INFO] [stdout] 
[INFO] [stdout] 
[INFO] [stdout] warning: use of deprecated associated function `core::str::<impl str>::trim_right_matches`: superseded by `trim_end_matches`
[INFO] [stdout]    --> src/main.rs:330:53
[INFO] [stdout]     |
[INFO] [stdout] 330 |         } else if let Some(i) = items.get(item_name.trim_right_matches("s")) {
[INFO] [stdout]     |                                                     ^^^^^^^^^^^^^^^^^^ help: replace the use of the deprecated associated function: `trim_end_matches`
[INFO] [stdout] 
[INFO] [stdout] 
[INFO] [stdout] warning: use of deprecated associated function `core::str::<impl str>::trim_right_matches`: superseded by `trim_end_matches`
[INFO] [stdout]    --> src/main.rs:339:67
[INFO] [stdout]     |
[INFO] [stdout] 339 |         } else if let Some(c) = character.inventory.get(item_name.trim_right_matches("s")) {
[INFO] [stdout]     |                                                                   ^^^^^^^^^^^^^^^^^^ help: replace the use of the deprecated associated function: `trim_end_matches`
[INFO] [stdout] 
[INFO] [stdout] 
[INFO] [stdout] warning: unreachable statement
[INFO] [stdout]    --> src/main.rs:371:5
[INFO] [stdout]     |
[INFO] [stdout] 350 |         return look_at_inventory_item(&item, *item_count, subject)
[INFO] [stdout]     |         ---------------------------------------------------------- any code following this expression is unreachable
[INFO] [stdout] ...
[INFO] [stdout] 371 |     return format!("W-what?");
[INFO] [stdout]     |     ^^^^^^^^^^^^^^^^^^^^^^^^^^ unreachable statement
[INFO] [stdout]     |
[INFO] [stdout]     = note: `#[warn(unreachable_code)]` on by default
[INFO] [stdout] 
[INFO] [stdout] 
[INFO] [stdout] error[E0308]: mismatched types
[INFO] [stdout]   --> src/main.rs:98:19
[INFO] [stdout]    |
[INFO] [stdout] 98 |         channels: Some(vec![channel_name.clone()]),
[INFO] [stdout]    |                   ^^^^^^^^^^^^^^^^^^^^^^^^^^^^^^^^ expected struct `Vec`, found enum `Option`
[INFO] [stdout]    |
[INFO] [stdout]    = note: expected struct `Vec<_>`
[INFO] [stdout]                 found enum `Option<Vec<_>>`
[INFO] [stdout] 
[INFO] [stdout] 
[INFO] [stdout] error[E0560]: struct `irc::client::data::Config` has no field named `use_ssl`
[INFO] [stdout]    --> src/main.rs:100:9
[INFO] [stdout]     |
[INFO] [stdout] 100 |         use_ssl: Some(true),
[INFO] [stdout]     |         ^^^^^^^ `irc::client::data::Config` does not have this field
[INFO] [stdout]     |
[INFO] [stdout]     = note: available fields are: `owners`, `nickname`, `nick_password`, `alt_nicks`, `username` ... and 25 others
[INFO] [stdout] 
[INFO] [stdout] 
[INFO] [stdout] warning: use of deprecated associated function `core::str::<impl str>::trim_right_matches`: superseded by `trim_end_matches`
[INFO] [stdout]    --> src/main.rs:162:24
[INFO] [stdout]     |
[INFO] [stdout] 162 |         *token = token.trim_right_matches("\'s");
[INFO] [stdout]     |                        ^^^^^^^^^^^^^^^^^^ help: replace the use of the deprecated associated function: `trim_end_matches`
[INFO] [stdout]     |
[INFO] [stdout]     = note: `#[warn(deprecated)]` on by default
[INFO] [stdout] 
[INFO] [stdout] 
[INFO] [stdout] error: aborting due to 5 previous errors; 5 warnings emitted
[INFO] [stdout] 
[INFO] [stdout] 
[INFO] [stdout] Some errors have detailed explanations: E0308, E0433, E0560, E0599.
[INFO] [stdout] 
[INFO] [stdout] For more information about an error, try `rustc --explain E0308`.
[INFO] [stdout] 
[INFO] [stdout] error[E0599]: no method named `get_name` found for reference `&User` in the current scope
[INFO] [stdout]    --> src/main.rs:171:29
[INFO] [stdout]     |
[INFO] [stdout] 171 |             if name == user.get_name() {
[INFO] [stdout]     |                             ^^^^^^^^ method not found in `&User`
[INFO] [stdout] 
[INFO] [stdout] 
[INFO] [stderr] error: could not compile `irk`.
[INFO] [stdout] error[E0599]: no method named `get_name` found for reference `&User` in the current scope
[INFO] [stdout]    --> src/main.rs:183:29
[INFO] [stdout]     |
[INFO] [stdout] 183 |         let username = user.get_name();
[INFO] [stdout]     |                             ^^^^^^^^ method not found in `&User`
[INFO] [stdout] 
[INFO] [stdout] 
[INFO] [stderr] 
[INFO] [stdout] warning: use of deprecated associated function `core::str::<impl str>::trim_right_matches`: superseded by `trim_end_matches`
[INFO] [stdout]    --> src/main.rs:330:53
[INFO] [stdout]     |
[INFO] [stdout] 330 |         } else if let Some(i) = items.get(item_name.trim_right_matches("s")) {
[INFO] [stdout]     |                                                     ^^^^^^^^^^^^^^^^^^ help: replace the use of the deprecated associated function: `trim_end_matches`
[INFO] [stdout] 
[INFO] [stdout] 
[INFO] [stderr] To learn more, run the command again with --verbose.
[INFO] [stdout] warning: use of deprecated associated function `core::str::<impl str>::trim_right_matches`: superseded by `trim_end_matches`
[INFO] [stdout]    --> src/main.rs:339:67
[INFO] [stdout]     |
[INFO] [stdout] 339 |         } else if let Some(c) = character.inventory.get(item_name.trim_right_matches("s")) {
[INFO] [stdout]     |                                                                   ^^^^^^^^^^^^^^^^^^ help: replace the use of the deprecated associated function: `trim_end_matches`
[INFO] [stdout] 
[INFO] [stdout] 
[INFO] [stderr] warning: build failed, waiting for other jobs to finish...
[INFO] [stdout] warning: unreachable statement
[INFO] [stdout]    --> src/main.rs:371:5
[INFO] [stdout]     |
[INFO] [stdout] 350 |         return look_at_inventory_item(&item, *item_count, subject)
[INFO] [stdout]     |         ---------------------------------------------------------- any code following this expression is unreachable
[INFO] [stdout] ...
[INFO] [stdout] 371 |     return format!("W-what?");
[INFO] [stdout]     |     ^^^^^^^^^^^^^^^^^^^^^^^^^^ unreachable statement
[INFO] [stdout]     |
[INFO] [stdout]     = note: `#[warn(unreachable_code)]` on by default
[INFO] [stdout] 
[INFO] [stdout] 
[INFO] [stdout] error: aborting due to 5 previous errors; 5 warnings emitted
[INFO] [stdout] 
[INFO] [stdout] 
[INFO] [stdout] Some errors have detailed explanations: E0308, E0433, E0560, E0599.
[INFO] [stdout] 
[INFO] [stdout] For more information about an error, try `rustc --explain E0308`.
[INFO] [stdout] 
[INFO] [stderr] error: build failed
[INFO] running `Command { std: "docker" "inspect" "94cca5809456405e8ef84f0747970d735f4fd6b5399ce0e6f404ca141815e47c", kill_on_drop: false }`
[INFO] running `Command { std: "docker" "rm" "-f" "94cca5809456405e8ef84f0747970d735f4fd6b5399ce0e6f404ca141815e47c", kill_on_drop: false }`
[INFO] [stdout] 94cca5809456405e8ef84f0747970d735f4fd6b5399ce0e6f404ca141815e47c
